ndreds digit of n?
5
Let d be (2 - -1)*2748/9. Suppose -d = 4*c - 9*c - 4*y, c - 180 = -4*y. What is the units digit of c?
4
Let u(g) = 91*g - 135. Let d be u(49). Suppose d = 9*p - 10229. What is the tens digit of p?
1
Let r be (1 + 0/3)*22. Suppose -x = 4*h + h - r, -3*x = h - 10. Suppose 571 = h*j - 141. What is the units digit of j?
8
Let m(b) = 6*b - 10. Let x be m(2). Suppose -x*t = -4*u - 236, -4*u - 43 = 2*t - 255. Suppose d = -d + t. What is the units digit of d?
6
Let r(c) = -4*c - 20. Let y be r(-7). Suppose 5*n + 1046 = 2*p, y*n - 1078 = -2*p + 5*n. What is the tens digit of p?
3
Let s(c) = -c**3 + 22*c**2 - 2*c + 44. Let z = -56 + 78. Let y be s(z). Suppose 12*u - 7*u - 500 = y. What is the units digit of u?
0
Let u(l) = 3*l**3 - 45*l**2 + 918*l + 51. What is the ten thousands digit of u(19)?
2
Let q = -302 - -255. Let v = 654 + q. What is the units digit of v?
7
Suppose -4*s + 2*y = -3*y - 1922, y = 4*s - 1914. Let t = s + -370. What is the hundreds digit of t?
1
Suppose 3*q = -3*i + 132279 + 30783, -q - 2*i = -54361. What is the units digit of q?
7
Suppose 0 = 49*a - 47*a - 6. Suppose 382 = -a*o + 4*o. What is the units digit of o?
2
Let r = -470 + 83. Let g = -215 - r. What is the tens digit of g?
7
Let x(w) = -w**2 - w - 2. Let m be x(-1). Let c be 7/m*(-40)/14. Let a = 113 + c. What is the hundreds digit of a?
1
Suppose 2*u = 3*c - 12, 8 = -5*c + u + 28. Suppose -c*r + 4 = 0, -2*p + 0*r - 4*r + 326 = 0. What is the hundreds digit of p?
1
Suppose -a = -0*a - 24. Suppose 5*t = 4*u - 7*u + 98, -3*u = -5*t - 148. Let p = u - a. What is the tens digit of p?
1
Suppose 5*y - 3*j - 180 = 2*j, -138 = -3*y - 3*j. Let u = 47 - y. Suppose 90 = -0*z + u*z. What is the units digit of z?
5
Let c(n) = 3*n + 4. Let y be c(2). Suppose 6*l - 4*l + 4*m + 4 = 0, -5*l = 4*m + y. What is the tens digit of -2 + (-588)/(-7)*l/(-3)?
5
Let a = -1491 - -2844. What is the tens digit of a?
5
Suppose a - 2*f + 50 = 4*a, 3*a - 2*f = 46. Let o = -20 + a. What is the units digit of 150 - (o + 2)/(-2)?
9
Let o(j) = 6*j - 24. Let k be o(-9). Let w = -58 - k. What is the units digit of 5/w + (-846)/(-8)?
6
Suppose -4*i + 9 - 3 = 5*d, -5*d = -5*i - 15. What is the tens digit of 139 - ((-5 - -4) + i)?
4
Let d be (2 - 77)*3/(-9). What is the units digit of (560/6)/(((-700)/(-294))/d)?
0
Let f be (1 - (-12 + 12))*(0 - -2600). Suppose 52*a - f = 47*a. What is the hundreds digit of a?
5
Let r(q) = 50*q**2 - 1280*q - 40. What is the hundreds digit of r(40)?
7
Suppose -5*h + h + 40 = -2*i, -3*i = -3*h + 54. What is the units digit of (-1)/(-4) - -1967*(-4)/i?
2
Let w(f) = -f**3 + 2*f**2 - 12*f + 29. Let b be w(7). What is the units digit of (b/(-9))/((-5)/(45/(-2)))?
0
Suppose -5*c + 4*z - 35 = 0, 4*c = 10*z - 9*z - 17. What is the hundreds digit of -3 + 5 + c + (-788)/(-2)?
3
Let s = 545 - -1155. What is the units digit of (-56)/(-12) + -3 + s/6?
5
Let w = 63 - 56. Let t(j) = 3*j - 21. Let x be t(w). Suppose x = -19*n + 18*n + 103. What is the tens digit of n?
0
Suppose -46 = -3*a + 5*c + 814, -4*c + 878 = 3*a. Let u = -44 + a. Suppose -w + b + 15 = -108, u = 2*w + 4*b. What is the tens digit of w?
2
Suppose -5*w + u + 44 = 0, -4*w = -5*u + 8*u - 39. What is the tens digit of (-14 + w)*(43*-4)/2?
3
Suppose 6*l = -0*l + 288. Suppose 4*y + 4*c - 976 = 0, 4*y - 975 = l*c - 53*c. What is the tens digit of y?
4
Let f = 1484 - -5078. What is the units digit of f?
2
Let i(k) = k**3 + 13*k**2 - 69*k - 15. Suppose -71*d - 28 = -75*d. What is the tens digit of i(d)?
8
Let z(q) = 12*q**2 + 7*q - 15. Let l be z(4). Suppose 4*a - 195 = l. Suppose -3*s = -8*s + a. What is the units digit of s?
0
Let l(b) = -23*b**2 - b + 1. Let u be l(-2). Let o be (-40)/(-4)*19 - (1 - 2). Let f = u + o. What is the units digit of f?
2
Let a(p) = 10*p - 68. Let n be a(7). Suppose 4*w - 6*j = -j + 848, -n*w + j + 424 = 0. What is the tens digit of w?
1
Let s(q) = q**2 + 4*q + 108. Suppose -35*r - 497 - 378 = 0. What is the hundreds digit of s(r)?
6
Suppose -3*y + 50*w + 4564 = 45*w, -5*y + w + 7570 = 0. What is the units digit of y?
3
Let o(v) = v**3 - 90*v**2 - 179*v + 516. What is the hundreds digit of o(94)?
0
Let s(r) = 16 - 6 + 151*r - 12. Let n be s(1). Let g = n - 98. What is the tens digit of g?
5
Suppose 5*h - 2*h = z + 18, -2*z - 12 = -2*h. What is the hundreds digit of h/21*7309 - 28/98?
0
Suppose -x - 4*l + 594 = 0, -9*x + 2389 = -5*x + 3*l. Suppose g + 4*r = 144, -441 = -13*g + 10*g - 3*r. Suppose -x = -2*j - g. What is the tens digit of j?
2
Let h be ((-7)/(-14))/(1/2). Let z = 329 + -324. Let g = z + h. What is the units digit of g?
6
Let a = 17632 + 9747. What is the hundreds digit of a?
3
What is the tens digit of (-1 - 9/(-15)) + (-2780452)/(-155) + 29?
6
Let l(s) = s + 18. Let c(x) = -x**2 - 4*x + 12. Suppose 2*w + 0*p + 3*p + 11 = 0, 5*w - p = -36. Let q be c(w). What is the units digit of l(q)?
9
Let o(g) = 618*g**2 - 7*g + 8. Let h be o(2). Suppose 0 = 18*c - 3600 - h. What is the units digit of c?
7
Let u(a) = 2158*a**2 - 23*a + 9. What is the thousands digit of u(3)?
9
Suppose 5*i - 3*a = 69, -2*i + 48 = i - 4*a. Suppose -w = i*w - 7761. What is the units digit of w?
7
Suppose -42*v - y + 26015 = -39*v, -y = 5*v - 43361. What is the units digit of v?
3
Let p(y) = 788*y**2 - 39*y + 56. What is the hundreds digit of p(-5)?
9
Let a = 10238 - -1430. What is the hundreds digit of a?
6
What is the units digit of (-33)/((-3696)/(-128)) - (-196806)/7?
4
Suppose 173 - 171 = -x, -4*x - 2653 = -5*b. What is the hundreds digit of b?
5
Let f(d) = 1063*d - 3814. What is the units digit of f(26)?
4
Suppose 0 = -72*s + 78*s - 60. Suppose -s = -2*l + l. Suppose 0 = -l*g + 8*g + 474. What is the hundreds digit of g?
2
Suppose 5*g + 4*a + 12 = 0, 2*a - 15 = 3*g + 7*a. Suppose -1737 = -f - 4*c - g*c, -3*c = -4*f + 6853. What is the units digit of f?
7
Let d be 8/14 + (-35754)/413. Let r = d + 182. What is the tens digit of r?
9
Let g(f) = -7159*f + 182. What is the ten thousands digit of g(-3)?
2
Suppose -4*q + 32 = -5*a, -q + 16 = q - a. Let s(w) = 87*w + 59. What is the tens digit of s(q)?
5
Let c = 14085 - 7555. What is the tens digit of c?
3
Suppose 12290 = 2*q - 5*i, -5*q + 82*i - 84*i = -30667. What is the tens digit of q?
3
Suppose 384*d - 382*d = -5*s + 162401, 5*d = -4*s + 129897. What is the units digit of s?
3
Suppose 0 = 2*l - 4*u - 56868, -5*l - u - 3*u + 142100 = 0. What is the units digit of l?
4
Let o(r) = -r**2. Let z(u) = -6*u**2 - 2*u - 4. Let x(k) = -4*o(k) - z(k). What is the tens digit of x(2)?
4
Suppose -302*k = -219*k - 2632179. What is the thousands digit of k?
1
Suppose 4*i + 6*v = 578, 2*i - 4*v - 424 + 100 = 0. Let r be (-2)/(-7) - 1896/21. Let l = i + r. What is the tens digit of l?
6
Suppose 0 = 45*l - 10*l - 37660. What is the tens digit of l?
7
Let w = 112755 - 55506. What is the thousands digit of w?
7
Suppose 34*n - 1096333 = -86*n + 901067. What is the thousands digit of n?
6
Suppose 21*t - 7687 = 12*t + 8*t. What is the hundreds digit of t?
6
Let q(n) = -n**3 + 3*n**2 - 8*n - 8. Let u be q(4). Suppose h - 170 = -0*h. Let a = h + u. What is the tens digit of a?
1
Suppose -2*x + 5*x = 666. Suppose 8*k - 106 = x. Let n = 72 - k. What is the tens digit of n?
3
What is the ten thousands digit of 10644 + (17/(-4) - 20/(-5))*8?
1
Let h be (36/(-27))/((-8)/12). Let k(a) = -21*a + 2. Let v be k(-5). Suppose -h*q = -v - 217. What is the tens digit of q?
6
Let c(f) = 6*f**2 + 8*f + 33. Let i(p) = -p - 2. Let n be i(7). Let a be c(n). Suppose -5*h + 233 + a = 0. What is the tens digit of h?
3
Let w be 5/(30/4)*(-18)/(-4). Suppose 5*p - w*t - 1257 = 3*p, 3*p - 4*t - 1885 = 0. What is the tens digit of p?
2
Let n(a) = 5*a - 34. Let w be n(14). Suppose -w*r + 2367 = -6813. What is the hundreds digit of r?
2
Suppose 11*i - 24*i = -3445. Let n = i + 135. What is the units digit of n?
0
Suppose -3*p + 51 = 5*n, -3*p + 42 = 2*n + 2*n. Let l(m) = -m**3 + 12*m**2 - 10*m + 2. Let c be l(n). Suppose c = 2*i + 39. What is the tens digit of i?
5
Let r(q) = q**3 - 13*q**2 - 13*q + 2. Let f(t) = t**3 - 7*t**2 - 7*t + 1. Let h(s) = 11*f(s) - 6*r(s). Suppose 3*k = 21*k - 18. What is the units digit of h(k)?
6
Let j be (6 + (-144)/8)/((-3)/2). Suppose -j*z + 7956 = 9*z. What is the ten